{"id":233,"date":"2020-09-01T14:34:56","date_gmt":"2020-09-01T14:34:56","guid":{"rendered":"https:\/\/gamingvideoawards.ro\/2020\/?page_id=233"},"modified":"2020-11-03T16:10:46","modified_gmt":"2020-11-03T14:10:46","slug":"regulament","status":"publish","type":"page","link":"https:\/\/gamingvideoawards.ro\/2020\/regulament\/","title":{"rendered":"Regulament"},"content":{"rendered":"<p>[vc_row enable_box_shadow=&#8221;no&#8221;][vc_column][vc_row_inner enable_box_shadow=&#8221;no&#8221;][vc_column_inner][vc_custom_heading source=&#8221;post_title&#8221; font_container=&#8221;tag:h1|text_align:left&#8221;][\/vc_column_inner][\/vc_row_inner][vc_column_text]<\/p>\n<h4 class=\"cap-regulament\"><span class=\"regulament\">Capitol 1<\/span><br \/>\nDescriere<\/h4>\n<ol class=\"ol-regulament\">\n<li style=\"list-style-type: none;\">\n<ol class=\"ol-regulament\">\n<li class=\"li-regulament\">Gaming Video Awards premiaz\u0103 cel mai bun con\u021binut de gaming de pe platformele de streaming din Rom\u00e2nia &#8211; Youtube, Twitch <span style=\"font-weight: 400;\">\u0219i se adreseaz\u0103 creatorilor \u0219i creatoarelor de con\u021binut care creeaz\u0103 con\u021binut dedicate de gaming<\/span><span style=\"font-weight: 400;\">.<\/span><\/li>\n<li class=\"li-regulament\">Gaming Video Awards este alc\u0103tuit din 14 categorii: Cel mai bun video de gaming, Cel mai bun stream live, Newcomer of the year, <span style=\"font-weight: 400;\">Cel mai bun video al unei creatoare de con\u021binut<\/span><span style=\"font-weight: 400;\">, <\/span>Cea mai bun\u0103 serie de Let\u2019s Play, Cel mai bun con\u021binut de gaming tech, Cel mai bun con\u021binut de MOBA, Cel mai bun con\u021binut de Sports Games, Cel mai bun con\u021binut de Battle Royale, Cel mai bun con\u021binut de Tactical Shooters, Cel mai bun con\u021binut axat pe jocurile populare, Cel mai bun con\u021binut kids friendly, Role model of the year, Creatorul de con\u021binut al anului.<\/li>\n<li class=\"li-regulament\">\u00censcrierile se pot face \u00een dou\u0103 moduri. Dac\u0103 e\u0219ti creator<span style=\"font-weight: 400;\">\/<\/span><span style=\"font-weight: 400;\">creatoare de con\u021binut de gaming<\/span><span style=\"font-weight: 400;\">,<\/span>\u00a0\u00ee\u021bi po\u021bi \u00eenscrie video-ul reprezentativ la categoria specific\u0103. Dac\u0103 e\u0219ti un gamer pasionat, urm\u0103ritor sau fan al unui creator de con\u021binut, po\u021bi \u00eenscrie un video al creatorului de con\u021binut pe care \u00eel consideri tu valoros la categoria specific\u0103.<\/li>\n<\/ol>\n<\/li>\n<\/ol>\n<p>UPDATE: Etapa votului incepe pe 2 octombrie 2020.<\/p>\n<ol class=\"ol-regulament\">\n<li class=\"li-regulament\">Gaming Video Awards se desf\u0103\u0219oar\u0103 \u00een 3 etape:\n<ul>\n<li><strong>Etapa \u00eenscrierii: 12 septembrie \u2013 30 septembrie 2020<\/strong><\/li>\n<li><strong>Etapa vot public: 1 octombrie \u2013 14 octombrie 2020<br \/>\nUPDATE: 5 octombrie \u2013 19 octombrie<\/strong><\/li>\n<li><strong>Etapa vot juriu: 20 octombrie \u2013 1 noiembrie<\/strong><\/li>\n<li><strong>Gala anun\u021b\u0103rii c\u00e2\u0219tig\u0103torilor \u2013 9 noiembrie<\/strong><\/li>\n<\/ul>\n<\/li>\n<li class=\"li-regulament\">Num\u0103rul \u00eenscrierilor este nelimitat.<\/li>\n<li class=\"li-regulament\">Toate etapele evenimentului pot fi urm\u0103rite pe <a class=\"desc-cond\" href=\"https:\/\/gamingvideoawards.ro\/2020\/\">www.gamingvideoawards.ro<\/a><\/li>\n<\/ol>\n<p>[\/vc_column_text][vc_column_text]<\/p>\n<h4 class=\"cap-regulament\"><span class=\"regulament\">Capitol 2<\/span><br \/>\nEligibilitatea \u00eenscrierilor<\/h4>\n<ol class=\"ol-regulament\">\n<li class=\"li-regulament\">Orice creator de con\u021binut de gaming care creeaz\u0103 con\u021binut video \u00een care subiectul principal este legat de gaming se poate \u00eenscrie \u00een competi\u021bie. Link-urile la video-uri pot fi \u00eenscrise de c\u0103tre creatori de con\u021binut sau de c\u0103tre followerii acestora. \u00cen ambele cazuri se va verifica fiecare \u00eenscriere cu \u00eencadrarea corect\u0103 \u00een categorie. \u00censcrierile venite dinspre public vor fi ulterior agreate cu creatorul de con\u021binut nominalizat. \u00cen caz c\u0103 la o categorie un creator de con\u021binut s-a \u00eenscris cu un video iar publicul l-a propus pe acesta cu un alt video, creatorul de con\u021binut va fi \u00een\u0219tiin\u021bat \u0219i el va decide cu care \u00eenscriere (a lui sau a publicului) va merge mai departe.<\/li>\n<li class=\"li-regulament\">Se vor \u00eenscrie (at\u00e2t din partea creatorului de con\u021binut, c\u00e2t \u0219i din partea publicului) doar link-uri cu video-uri specifice de pe canalul creatorului de con\u021binut propus. Nu se accept\u0103 \u00eenscrieri cu link doar al canalului creatorului de con\u021binut. Este important s\u0103 existe un video specific.<\/li>\n<li class=\"li-regulament\">Creatorii de con\u021binut de gaming trebuie s\u0103 locuiasc\u0103 \u00een Rom\u00e2nia. Sunt acceptate crea\u021biile (video-urile) \u00een limba rom\u00e2n\u0103 \u0219i englez\u0103.<\/li>\n<li class=\"li-regulament\">Platformele acceptate: Youtube, Twitch.<\/li>\n<li class=\"li-regulament\">To\u021bi participan\u021bii sunt responsabili \u00een totalitate pentru video-urile \u00eenscrise.<\/li>\n<li class=\"li-regulament\">Participan\u021bii pot \u00eenscrie video-uri \u00eentr-una sau mai multe categorii, \u00een func\u021bie de specificul video-ului \u0219i de cerin\u021bele categoriei. Orice \u00eenscriere care nu se potrive\u0219te descrierii categoriei va fi automat eliminat\u0103. (de ex. \u00censcrierea unui video cu con\u021binut de FIFA la sec\u021biunea Cel mai bun con\u021binut de MOBA).<\/li>\n<li class=\"li-regulament\">Creatorii de con\u021binut care se \u00eenscriu trebuie s\u0103 respecte urm\u0103toarele cerin\u021be: trebuie s\u0103 fi creat con\u021binut pe platforma aleas\u0103 cu cel pu\u021bin 3 luni \u00eenainte de data la care se deschid \u00eenscrierile la Gaming Video Awards.<\/li>\n<li class=\"li-regulament\">Se pot \u00eenscrie (\u0219i pot fi \u00eenscri\u0219i) creatorii de con\u021binut care au minim 1000 de subscriberi pe platfome Youtube \u0219i cel pu\u021bin 50 de followeri pe platforma Twitch. Au publicat cel pu\u021bin 15 video-uri originale sau au 10 stream-uri la activ. Sunt acceptate video-urile creatorilor de con\u021binut datate \u00eencep\u00e2nd cu 1 ianuarie 2019 p\u00e2n\u0103 pe 12 septembrie 2020. Link-ul propus trebuie s\u0103 fie \u0219i s\u0103 r\u0103m\u00e2na valid \u0219i activ pe tot parcursul \u00eenscrierilor \u0219i juriz\u0103rii.<\/li>\n<li class=\"li-regulament\">La categoria Newcomer of the Year se pot \u00eenscrie (\u0219i pot fi \u00eenscri\u0219i) creatorii de con\u021binut care au minim 1000 de subscriberi pe platfome Youtube si maxim 5000 de subscribers \u0219i cel pu\u021bin 50 de followeri pe platforma Twitch si maxim 1000 de follower sau si-a inceput activitatea pe cele doua platforme incepand cu 1 ianuarie 2019.<\/li>\n<li class=\"li-regulament\">\u00cenainte s\u0103 fie publicate pe website-ul competi\u021biei, \u00eenscrierile vor fi validate de organizatori \u2013 vezi capitolul 3, punctul 2.<\/li>\n<\/ol>\n<p>[\/vc_column_text][vc_column_text]<\/p>\n<h4 class=\"cap-regulament\"><span class=\"regulament\">Capitol 3<\/span><br \/>\nNeeligibilitatea \u00eenscrierilor<\/h4>\n<ol class=\"ol-regulament\">\n<li class=\"li-regulament\">Organizatorii nu vor accepta link-uri cu video-uri care con\u021bin con\u021binut ilegal, abuzuri, obscenit\u0103\u021bi, amenin\u021b\u0103ri sau con\u021binut rasist, homofob sau sexual.<\/li>\n<li class=\"li-regulament\">Organizatorii \u00ee\u0219i rezerv\u0103 dreptul de a refuza o \u00eenscriere dup\u0103 ce a fost analizat\u0103 conduita general\u0103 a creatorului de con\u021binut respectiv, independent\u0103 de video-ul \u00eenscris \u00een competi\u021bie. Mai exact, dac\u0103 un creator de con\u021binut care s-a \u00eenscris a avut o conduit\u0103 violent\u0103, obscen\u0103, xenofob\u0103, rasist\u0103, etc, \u00een perioada 1 ianuarie 2019 &#8211; 12 sept 2020, ne rezerv\u0103m dreptul s\u0103 refuz\u0103m \u00eenscrierea.<\/li>\n<li class=\"li-regulament\">Organizatorii nu vor accepta con\u021binut care nu este produs pe teritoriul Rom\u00e2niei de c\u0103tre creatori de con\u021binut rom\u00e2ni.<\/li>\n<li class=\"li-regulament\">Nu vor fi acceptate acele video-uri sau acei creatori de con\u021binut care nu au o prezen\u021b\u0103 \u00een timpul video-ului \u2013 voce, fa\u021b\u0103 sau orice alt tip de exprimare a persoanei care realizeaz\u0103 video-ul. De ex. Nu vor fi acceptate video-uri \u00een care un creator de con\u021binut se joac\u0103 pur \u0219i simplu un joc, f\u0103r\u0103 s\u0103 aduc\u0103 ceva \u00een plus video-ului (comentariu, etc).<\/li>\n<li class=\"li-regulament\">Organizatorii nu vor accepta creatorii de con\u021binut care au v\u00e2rsta sub 15 ani.<\/li>\n<li class=\"li-regulament\">Organizatorii nu vor accepta \u00eenscrieri ale c\u0103ror link-uri nu sunt func\u021bionale (nu se deschid etc.).<\/li>\n<\/ol>\n<p>[\/vc_column_text][vc_column_text]<\/p>\n<h4 class=\"cap-regulament\"><span class=\"regulament\">Capitol 4<\/span><br \/>\nEtapele Gaming Video Awards<\/h4>\n<ol class=\"ol-regulament\" type=\"A\">\n<li class=\"li-regulament\"><strong>Etapa \u00eenscrierii: 12 septembrie \u2013 30 septembrie 2020<\/strong>\n<ol type=\"1\">\n<li>Modalitatea de \u00eenscriere. Creatorii de con\u021binut sau publicul pot \u00eenscrie propunerea de link la categoriile aferente, intr\u00e2nd pe categoria dorit\u0103 (care se g\u0103se\u0219te pe pagina principal\u0103 a Gaming Video Awards \u2013 <a class=\"desc-cond\" href=\"https:\/\/gamingvideoawards.ro\/2020\">www.gamingvideoawards.ro<\/a> \u0219i complet\u00e2nd urm\u0103toarele sec\u021biuni:\n<ul>\n<li><strong>Sectiunea Cine e\u0219ti?:<\/strong> Creatorul de con\u021binut va alege op\u021biunea Creator de Con\u021binut. \/ Publicul va alege op\u021biunea Gamer.<\/li>\n<li><strong>Sec\u021biunea Selecteaz\u0103 categoria:<\/strong> Creatorul de con\u021binut \u0219i publicul vor alege sec\u021biunea la care vor s\u0103 se \u00eenscrie\/ \u00eenscrie link-ul propus.<\/li>\n<li><strong>Sec\u021biunea Nume Creator de con\u021binut:<\/strong> Creatorul de con\u021binut si publicul vor completa numele de scen\u0103 al creatorului de con\u021binut. (a\u0219a cum este creatorul de con\u021binut cunoscut publicului larg. Nu se va \u00eenscrie cu numele de pe buletin)<\/li>\n<li><strong>Sectiunea Link:<\/strong> Creatorul de con\u021binut \u0219i publicul vor introduce un SINGUR link reprezentativ. <span style=\"font-weight: 400;\">Aten\u021bie! Se va \u00eenscrie un video dedicat care r\u0103spunde cerin\u021belor categoriei. NU se va \u00eenregistra link cu canal-ul creatorului.<\/span><\/li>\n<\/ul>\n<\/li>\n<\/ol>\n<\/li>\n<li class=\"li-regulament\"><strong>Etapa Vot Public: 1 octombrie 2020 \u2013 15 octombrie 2020<\/strong><br \/>\nUPDATE: Etapa votului incepe pe 2 octombrie 2020.<br \/>\nUPDATE: Etapa votului incepe pe 5 octombrie 2020 \u2013 19 octombrie 2020<\/p>\n<ol type=\"1\">\n<li>\u00cen urma \u00eenscrierilor, vor rezulta mai multe nominaliz\u0103ri pe care publicul le poate vota.<\/li>\n<li><strong>Sunt acceptate voturi pentru oric\u00e2t de multe \u00eenscrieri maxim o dat\u0103 pe zi. Oricare \u00eenscriere poate fi votat\u0103 maxim o dat\u0103 pe zi.<\/strong><\/li>\n<li><strong>Orice suspiciune de fraud\u0103 va fi penalizat\u0103 prin descalificare.<\/strong><\/li>\n<li>\u00cen urma votului publicului, vor rezulta cele mai votate 5 video-uri la fiecare categorie, care se vor califica \u00een etapa urm\u0103toare, cea a votului juriului.<\/li>\n<\/ol>\n<\/li>\n<li class=\"li-regulament\"><strong>Etapa Vot Juriu: 20 octombrie \u2013 1 noiembrie<\/strong>\n<ol type=\"1\">\n<li>Juriul este compus din unii din cei mai reprezentativi profesioni\u0219ti din gaming, esports, marketing \u0219i comunicare.<\/li>\n<li>Juriul va vota \u00een perioada 20 octombrie \u2013 1 noiembrie.<\/li>\n<li>Juriul va vota doar cele 5 nominaliz\u0103ri la fiecare categorie, a\u0219a cum a decis votul publicului. Din aceste 5 nominaliz\u0103ri per categorie, juriul va desemna c\u00e2\u0219tigatorul final al fiec\u0103rei categorii.<\/li>\n<\/ol>\n<\/li>\n<li class=\"li-regulament\"><strong>Gala Gaming Video Awards \u2013 Anun\u021barea c\u00e2\u0219tig\u0103torilor \u2013 9 noiembrie 2020<\/strong>\n<ol type=\"1\">\n<li>Gala de anun\u021bare a c\u00e2\u0219tig\u0103torilor va avea loc pe 9 noiembrie.<\/li>\n<\/ol>\n<\/li>\n<\/ol>\n<p>[\/vc_column_text][vc_column_text]<\/p>\n<h4 class=\"cap-regulament\"><span class=\"regulament\">Capitol 5<\/span><br \/>\nC\u00e2\u0219tig\u0103tori<\/h4>\n<ol class=\"ol-regulament\">\n<li class=\"li-regulament\">Fiecare din cele 11 categorii va avea un singur c\u00e2\u0219tig\u0103tor.<\/li>\n<li class=\"li-regulament\">Distinc\u021bia Role Model of the Year va fi decernat\u0103 de c\u0103tre juriu, lu<span lang=\"RO\">\u00e2<\/span>nd \u00een calcul propunerile publicului, acelui creator de con\u021binut care reprezint\u0103 un etalon profesional \u0219i moral pentru industria de content creation \u00een general, \u0219i pentru cea de gaming \u00een special.<\/li>\n<li class=\"li-regulament\">Creatorul de con\u021binut care a c\u00e2\u0219tigat cele mai multe premii la Gala Gaming Video Awards prime\u0219te \u0219i premiul de Content Creator al Anului.<\/li>\n<\/ol>\n<p>[\/vc_column_text][vc_column_text]<\/p>\n<h4 class=\"cap-regulament\"><span class=\"regulament\">Capitol 6<\/span><br \/>\nComunicare eveniment<\/h4>\n<ol class=\"ol-regulament\">\n<li class=\"li-regulament\">Creatorii de con\u021binut \u00eenscri\u0219i \u0219i aproba\u021bi ca nominaliza\u021bi oficiali la categoriile competi\u021biei sunt de acord ca imaginea lor\/ imagini din video-urile nominalizate s\u0103 fie folosite \u00een materialele de promovare ale evenimentului. Materialele de promovare ale evenimentului vor con\u021bine logo-urile partenerilor evenimentului.<\/li>\n<li class=\"li-regulament\">Creatorii de con\u021binut sunt de acord s\u0103-\u0219i asocieze numele \u0219i con\u021binutul nominalizat \u00een cadrul competi\u021biei cu numele competi\u021biei \u0219i cu partenerii acesteia \u00een video-uri promo care anun\u021b\u0103 fiecare categorie \u0219i nominalizare, oportunit\u0103\u021bi de interviuri online care vor fi branduite cu logo-urile partenerilor, promovarea video-urilor \u0219i a materialelor \u00een Social Media \u0219i \u00een timpul Galei de premiere<\/li>\n<\/ol>\n<p>[\/vc_column_text][vc_column_text]<\/p>\n<p class=\"q-a\">Pentru \u00eentreb\u0103ri, scrie\u021bi pe adresa <a class=\"desc-cond\" href=\"mailto:contact@bucharestgamingweek.ro\" target=\"_blank\" rel=\"noopener noreferrer\">contact@bucharestgamingweek.ro<\/a><\/p>\n<p>[\/vc_column_text][\/vc_column][\/vc_row][vc_row enable_box_shadow=&#8221;no&#8221;][vc_column][vc_row_inner enable_box_shadow=&#8221;no&#8221;][vc_column_inner][vc_empty_space el_class=&#8221;space-3&#8243;][vc_column_text]<div data-post-id='2224' class='insert-page insert-page-2224 '><style type=\"text\/css\" data-type=\"vc_shortcodes-custom-css\">.vc_custom_1599851843031{background-color: #331b42 !important;}<\/style><p>[vc_section full_width=&#8221;stretch_row&#8221; css=&#8221;.vc_custom_1599851843031{background-color: #331b42 !important;}&#8221;][vc_row enable_box_shadow=&#8221;no&#8221;][vc_column][vc_row_inner enable_box_shadow=&#8221;no&#8221;][vc_column_inner width=&#8221;5\/6&#8243; offset=&#8221;vc_col-md-offset-2 vc_col-md-8 vc_col-sm-offset-2&#8243;][vc_column_text]<\/p>\n<h4 style=\"text-align: center;\">Parteneri 2020<\/h4>\n<p>[\/vc_column_text][vc_empty_space el_class=&#8221;space-2&#8243;][\/vc_column_inner][\/vc_row_inner][\/vc_column][\/vc_row][vc_row enable_box_shadow=&#8221;no&#8221;][vc_column width=&#8221;1\/2&#8243; el_class=&#8221;logo-larger&#8221;][vc_row_inner enable_box_shadow=&#8221;no&#8221;][vc_column_inner width=&#8221;1\/2&#8243;][vc_single_image image=&#8221;1956&#8243; img_size=&#8221;full&#8221; alignment=&#8221;center&#8221; onclick=&#8221;custom_link&#8221; el_class=&#8221;logo-partener&#8221; link=&#8221;http:\/\/vodafone.ro\/&#8221;][\/vc_column_inner][vc_column_inner width=&#8221;1\/2&#8243;][vc_single_image image=&#8221;2225&#8243; img_size=&#8221;full&#8221; alignment=&#8221;center&#8221; onclick=&#8221;custom_link&#8221; el_class=&#8221;logo-partener spacer-oneblade&#8221; link=&#8221;https:\/\/www.philips.ro\/c-m-pe\/oneblade-tuns-conturat-barbierit?origin=10_ro_ro_onebladeq32020_pr___fb_gamingvideoawards_mg_oneblade_catpage&#8221;][\/vc_column_inner][\/vc_row_inner][vc_row_inner enable_box_shadow=&#8221;no&#8221;][vc_column_inner width=&#8221;1\/2&#8243;][vc_single_image image=&#8221;1957&#8243; img_size=&#8221;full&#8221; alignment=&#8221;center&#8221; onclick=&#8221;custom_link&#8221; el_class=&#8221;logo-partener logo-bigspace&#8221; link=&#8221;http:\/\/bcr.ro\/&#8221;][\/vc_column_inner][vc_column_inner width=&#8221;1\/2&#8243;][vc_single_image image=&#8221;2226&#8243; img_size=&#8221;full&#8221; alignment=&#8221;center&#8221; onclick=&#8221;custom_link&#8221; el_class=&#8221;logo-partener logo-bigspace&#8221; link=&#8221;https:\/\/www.bmw.ro\/ro\/index.html&#8221;][\/vc_column_inner][\/vc_row_inner][\/vc_column][vc_column width=&#8221;1\/2&#8243; el_class=&#8221;logo-smaller&#8221;][vc_row_inner enable_box_shadow=&#8221;no&#8221;][vc_column_inner width=&#8221;1\/3&#8243;][vc_single_image image=&#8221;1173&#8243; img_size=&#8221;full&#8221; alignment=&#8221;center&#8221; onclick=&#8221;custom_link&#8221; el_class=&#8221;logo-partener&#8221; link=&#8221;https:\/\/www.samsung.com\/ro\/&#8221;][\/vc_column_inner][vc_column_inner width=&#8221;1\/3&#8243;][vc_single_image image=&#8221;1174&#8243; img_size=&#8221;full&#8221; alignment=&#8221;center&#8221; onclick=&#8221;custom_link&#8221; el_class=&#8221;logo-partener&#8221; link=&#8221;https:\/\/eu.aoc.com\/en\/gaming&#8221;][\/vc_column_inner][vc_column_inner width=&#8221;1\/3&#8243;][vc_single_image image=&#8221;1175&#8243; img_size=&#8221;full&#8221; alignment=&#8221;center&#8221; onclick=&#8221;custom_link&#8221; el_class=&#8221;logo-partener&#8221; link=&#8221;https:\/\/www.logitech.com\/en-roeu&#8221;][\/vc_column_inner][vc_column_inner width=&#8221;1\/3&#8243;][vc_single_image image=&#8221;1179&#8243; img_size=&#8221;full&#8221; alignment=&#8221;center&#8221; onclick=&#8221;custom_link&#8221; el_class=&#8221;logo-partener&#8221; link=&#8221;https:\/\/www.bitdefender.ro\/&#8221;][\/vc_column_inner][vc_column_inner width=&#8221;1\/3&#8243;][vc_single_image image=&#8221;2339&#8243; img_size=&#8221;full&#8221; alignment=&#8221;center&#8221; onclick=&#8221;custom_link&#8221; el_class=&#8221;logo-partener spacer-adidas&#8221; link=&#8221;https:\/\/www.adidas.com\/us&#8221;][\/vc_column_inner][vc_column_inner width=&#8221;1\/3&#8243;][vc_single_image image=&#8221;1180&#8243; img_size=&#8221;full&#8221; alignment=&#8221;center&#8221; onclick=&#8221;custom_link&#8221; el_class=&#8221;logo-partener&#8221; link=&#8221;https:\/\/www.foodpanda.ro\/&#8221;][\/vc_column_inner][vc_column_inner width=&#8221;1\/3&#8243;][vc_single_image image=&#8221;2232&#8243; img_size=&#8221;full&#8221; alignment=&#8221;center&#8221; onclick=&#8221;custom_link&#8221; el_class=&#8221;logo-partener spacer-amber&#8221; link=&#8221;https:\/\/amberstudio.com\/&#8221;][\/vc_column_inner][vc_column_inner width=&#8221;1\/3&#8243;][vc_single_image image=&#8221;2312&#8243; img_size=&#8221;full&#8221; alignment=&#8221;center&#8221; onclick=&#8221;custom_link&#8221; el_class=&#8221;logo-partener&#8221; link=&#8221;https:\/\/www.dell.com\/ro\/p\/alienware-laptops&#8221;][\/vc_column_inner][vc_column_inner width=&#8221;1\/3&#8243;][vc_single_image image=&#8221;2356&#8243; img_size=&#8221;full&#8221; alignment=&#8221;center&#8221; onclick=&#8221;custom_link&#8221; el_class=&#8221;logo-partener&#8221; link=&#8221;https:\/\/www.intel.com\/content\/www\/us\/en\/products\/processors.html&#8221;][\/vc_column_inner][vc_column_inner width=&#8221;1\/3&#8243;][vc_single_image image=&#8221;1854&#8243; img_size=&#8221;full&#8221; alignment=&#8221;center&#8221; onclick=&#8221;custom_link&#8221; el_class=&#8221;logo-partener spacer-nexus&#8221; link=&#8221;https:\/\/nexusclub.ro\/&#8221;][\/vc_column_inner][vc_column_inner width=&#8221;1\/3&#8243;][\/vc_column_inner][vc_column_inner width=&#8221;1\/3&#8243;][\/vc_column_inner][\/vc_row_inner][\/vc_column][\/vc_row][\/vc_section]<\/p>\n<\/div>[\/vc_column_text][\/vc_column_inner][\/vc_row_inner][\/vc_column][\/vc_row]<\/p>\n","protected":false},"excerpt":{"rendered":"<p>[vc_row enable_box_shadow=&#8221;no&#8221;][vc_column][vc_row_inner enable_box_shadow=&#8221;no&#8221;][vc_column_inner][vc_custom_heading source=&#8221;post_title&#8221; font_container=&#8221;tag:h1|text_align:left&#8221;][\/vc_column_inner][\/vc_row_inner][vc_column_text] Capitol 1 Descriere Gaming Video Awards premiaz\u0103 cel mai bun con\u021binut de gaming de pe platformele de streaming din Rom\u00e2nia &#8211; Youtube, Twitch \u0219i se adreseaz\u0103 creatorilor \u0219i creatoarelor de con\u021binut care creeaz\u0103 con\u021binut dedicate [&hellip;]<\/p>\n","protected":false},"author":1,"featured_media":0,"parent":0,"menu_order":0,"comment_status":"closed","ping_status":"closed","template":"","meta":[],"yoast_head":"<!-- This site is optimized with the Yoast SEO plugin v14.9 - https:\/\/yoast.com\/wordpress\/plugins\/seo\/ -->\n<title>Regulament - Gaming Video Awards<\/title>\n<meta name=\"robots\" content=\"index, follow, max-snippet:-1, max-image-preview:large, max-video-preview:-1\" \/>\n<link rel=\"canonical\" href=\"https:\/\/gamingvideoawards.ro\/2020\/regulament\/\" \/>\n<meta property=\"og:locale\" content=\"ro_RO\" \/>\n<meta property=\"og:type\" content=\"article\" \/>\n<meta property=\"og:title\" content=\"Regulament - Gaming Video Awards\" \/>\n<meta property=\"og:description\" content=\"[vc_row enable_box_shadow=&#8221;no&#8221;][vc_column][vc_row_inner enable_box_shadow=&#8221;no&#8221;][vc_column_inner][vc_custom_heading source=&#8221;post_title&#8221; font_container=&#8221;tag:h1|text_align:left&#8221;][\/vc_column_inner][\/vc_row_inner][vc_column_text] Capitol 1 Descriere Gaming Video Awards premiaz\u0103 cel mai bun con\u021binut de gaming de pe platformele de streaming din Rom\u00e2nia &#8211; Youtube, Twitch \u0219i se adreseaz\u0103 creatorilor \u0219i creatoarelor de con\u021binut care creeaz\u0103 con\u021binut dedicate [&hellip;]\" \/>\n<meta property=\"og:url\" content=\"https:\/\/gamingvideoawards.ro\/2020\/regulament\/\" \/>\n<meta property=\"og:site_name\" content=\"Gaming Video Awards\" \/>\n<meta property=\"article:modified_time\" content=\"2020-11-03T14:10:46+00:00\" \/>\n<meta property=\"og:image\" content=\"https:\/\/gamingvideoawards.ro\/2020\/wp-content\/uploads\/2020\/09\/banner-creator.png\" \/>\n\t<meta property=\"og:image:width\" content=\"500\" \/>\n\t<meta property=\"og:image:height\" content=\"656\" \/>\n<meta name=\"twitter:card\" content=\"summary_large_image\" \/>\n<script type=\"application\/ld+json\" class=\"yoast-schema-graph\">{\"@context\":\"https:\/\/schema.org\",\"@graph\":[{\"@type\":\"WebSite\",\"@id\":\"https:\/\/gamingvideoawards.ro\/2020\/#website\",\"url\":\"https:\/\/gamingvideoawards.ro\/2020\/\",\"name\":\"Gaming Video Awards\",\"description\":\"\",\"potentialAction\":[{\"@type\":\"SearchAction\",\"target\":\"https:\/\/gamingvideoawards.ro\/2020\/?s={search_term_string}\",\"query-input\":\"required name=search_term_string\"}],\"inLanguage\":\"ro-RO\"},{\"@type\":\"WebPage\",\"@id\":\"https:\/\/gamingvideoawards.ro\/2020\/regulament\/#webpage\",\"url\":\"https:\/\/gamingvideoawards.ro\/2020\/regulament\/\",\"name\":\"Regulament - Gaming Video Awards\",\"isPartOf\":{\"@id\":\"https:\/\/gamingvideoawards.ro\/2020\/#website\"},\"datePublished\":\"2020-09-01T14:34:56+00:00\",\"dateModified\":\"2020-11-03T14:10:46+00:00\",\"inLanguage\":\"ro-RO\",\"potentialAction\":[{\"@type\":\"ReadAction\",\"target\":[\"https:\/\/gamingvideoawards.ro\/2020\/regulament\/\"]}]}]}<\/script>\n<!-- \/ Yoast SEO plugin. -->","_links":{"self":[{"href":"https:\/\/gamingvideoawards.ro\/2020\/wp-json\/wp\/v2\/pages\/233"}],"collection":[{"href":"https:\/\/gamingvideoawards.ro\/2020\/wp-json\/wp\/v2\/pages"}],"about":[{"href":"https:\/\/gamingvideoawards.ro\/2020\/wp-json\/wp\/v2\/types\/page"}],"author":[{"embeddable":true,"href":"https:\/\/gamingvideoawards.ro\/2020\/wp-json\/wp\/v2\/users\/1"}],"replies":[{"embeddable":true,"href":"https:\/\/gamingvideoawards.ro\/2020\/wp-json\/wp\/v2\/comments?post=233"}],"version-history":[{"count":27,"href":"https:\/\/gamingvideoawards.ro\/2020\/wp-json\/wp\/v2\/pages\/233\/revisions"}],"predecessor-version":[{"id":2403,"href":"https:\/\/gamingvideoawards.ro\/2020\/wp-json\/wp\/v2\/pages\/233\/revisions\/2403"}],"wp:attachment":[{"href":"https:\/\/gamingvideoawards.ro\/2020\/wp-json\/wp\/v2\/media?parent=233"}],"curies":[{"name":"wp","href":"https:\/\/api.w.org\/{rel}","templated":true}]}}